3 - 40*y**2 - 79*y + 5. Calculate p(-2).
-5
Let u(k) = -k**3 - 24*k**2 - 16*k + 59. Give u(-20).
-1221
Let x(a) = 27*a + 476. What is x(-17)?
17
Let m(p) = p**2 + 1316*p - 29443. Determine m(22).
-7
Let z(f) = 20*f + 117. Calculate z(-15).
-183
Let c(q) = -2*q**3 - 67*q**2 + 107*q + 51. Calculate c(-35).
-19
Let o(c) = -c**3 + 115*c**2 + 3*c - 323. Calculate o(115).
22
Let w(b) = b**3 + 2*b**2 + 4*b + 13. Determine w(-3).
-8
Let f(h) = -4*h**2 + 24*h - 63. Determine f(8).
-127
Let k(l) = 3*l**3 + 11*l**2 + 11*l + 17. Calculate k(-2).
15
Let k(w) = -335*w + 1150. What is k(6)?
-860
Let q(a) = 4*a**3 - 18*a**2 - a - 49. Give q(5).
-4
Let h(k) = 5*k**3 + 6*k**2 - 12*k. Determine h(4).
368
Let j(m) = m**3 - 28*m**2 + 94*m + 1003. Determine j(11).
-20
Let l(q) = -3*q + 103. Give l(17).
52
Let y(r) = r**3 + 32*r**2 - 3*r - 105. Give y(-32).
-9
Let u(g) = g**3 - 22*g**2 + 38*g + 36. What is u(20)?
-4
Let z(t) = 92*t**2 - 477*t + 79. Give z(5).
-6
Let j(f) = 3*f**2 + 192*f - 1722. Determine j(-72).
6
Let d(w) = -9*w**2 - 142*w - 223. Determine d(-14).
1
Let w(r) = -r**2 + 34*r + 3941. Give w(-48).
5
Let n(h) = -77*h**2 + 457*h + 457. Calculate n(-1).
-77
Let r(c) = -c**3 + 30*c**2 + 3*c - 93. Determine r(30).
-3
Let n(f) = -6*f**3 - 11*f**2 - 7*f + 3. Calculate n(-1).
5
Let o(v) = -3*v**3 + 14*v**2 - 57*v + 199. Determine o(4).
3
Let x(f) = 2*f**2 - 70*f - 102. What is x(38)?
126
Let b(s) = 3*s**2 - 45*s + 132. Calculate b(4).
0
Let o(a) = a**2 - 13*a + 141. Determine o(8).
101
Let b(y) = -y**2 - 70*y + 1787. Determine b(20).
-13
Let p(c) = -20*c**2 + 44*c - 19. Determine p(5).
-299
Let k(z) = 165*z + 974. What is k(-6)?
-16
Let o(c) = 1614*c - 1615. Give o(1).
-1
Let m(i) = 53*i - 726. Calculate m(22).
440
Let h(t) = -15*t**2 - 17*t + 12. Calculate h(-2).
-14
Let i(q) = q**3 - 24*q**2 - 22*q - 78. Calculate i(25).
-3
Let r(j) = 11*j + 138. What is r(-13)?
-5
Let b(c) = -2624*c + 62942. What is b(24)?
-34
Let g(a) = -a**2 + 37*a - 348. Calculate g(25).
-48
Let l(a) = 3640*a + 21854. Determine l(-6).
14
Let d(b) = -b**3 + 8*b**2 - 41*b + 171. Determine d(7).
-67
Let s(x) = -10*x**2 + 20*x - 25. What is s(-5)?
-375
Let y(i) = -i**3 - 234*i**2 + 473*i - 9. What is y(2)?
-7
Let a(x) = 7*x**3 + 4*x**2 + 6*x - 6. Determine a(-4).
-414
Let n(s) = 4*s**2 - 234*s - 1515. Give n(-6).
33
Let t(i) = i**2 + 161*i + 2578. What is t(-18)?
4
Let c(k) = 2*k**3 - 43*k**2 + 60*k - 8. What is c(20)?
-8
Let w(g) = g**3 - 8*g**2 + 198*g - 1107. What is w(6)?
9
Let d(s) = 87*s + 58. Give d(-3).
-203
Let x(z) = z**3 + 19*z**2 + 44*z - 12. What is x(-3)?
0
Let q(u) = -u**3 - 143*u**2 + 144*u. Give q(-144).
0
Let j(p) = -291*p + 7575. Give j(26).
9
Let x(y) = -y**3 + 15*y**2 - 28*y - 12. Determine x(14).
-208
Let u(s) = -s**3 + 29*s**2 - 18*s - 72. Calculate u(28).
208
Let l(s) = -s**3 - 3*s**2 - 14*s - 34. Calculate l(-3).
8
Let c(v) = -679*v + 1367. Determine c(2).
9
Let v(b) = -2*b**3 - 103*b**2 - 245*b - 7. What is v(-49)?
-7
Let h(s) = -85*s**2 - 4*s + 1. Determine h(-1).
-80
Let y(f) = -f**2 - 114*f - 640. Calculate y(-6).
8
Let v(w) = -6*w**2 + 87*w - 133. Give v(13).
-16
Let m(q) = 17*q**2 + 217*q + 643. Give m(-3).
145
Let x(h) = -h**2 + 10*h + 220. What is x(20)?
20
Let t(r) = -4091*r + 4098. Determine t(1).
7
Let u(g) = -2*g - 16. Calculate u(2).
-20
Let h(i) = 41*i + 99. What is h(-10)?
-311
Let b(q) = 2*q**2 + 19*q + 28. Give b(-6).
-14
Let s(r) = 661*r + 11839. What is s(-18)?
-59
Let f(k) = -3*k**2 - 68*k - 199. Give f(-19).
10
Let p(n) = 36*n**2 + 356*n - 87. Calculate p(-10).
-47
Let c(j) = 2832*j - 14164. Determine c(5).
-4
Let b(g) = -361*g - 8. Calculate b(0).
-8
Let x(w) = -146*w - 12715. Calculate x(-87).
-13
Let q(l) = 2*l**3 - 5*l**2 - 4*l + 4. What is q(5)?
109
Let z(r) = 49*r - 145. Calculate z(-5).
-390
Let d(b) = 2*b**3 + 4*b**2 - b + 1. Determine d(3).
88
Let i(g) = -g**3 - 41*g**2 - 421*g - 31. Determine i(-24).
281
Let p(o) = -6690*o - 13382. Determine p(-2).
-2
Let o(x) = 91*x + 2648. Calculate o(-29).
9
Let o(g) = -20*g**3 + 4*g**2 + 3. Calculate o(2).
-141
Let l(v) = 17*v**2 + 404*v - 53. Calculate l(-24).
43
Let l(d) = 6*d**2 + 114*d + 338. Determine l(-3).
50
Let p(u) = 8*u**2 + 438*u - 283. Determine p(-56).
277
Let g(r) = -3*r**2 - 226*r - 499. What is g(-73)?
12
Let j(m) = 15*m + 205. Determine j(15).
430
Let b(p) = -p**2 + 24*p - 142. Determine b(24).
-142
Let h(t) = t**2 - 21*t + 91. Determine h(18).
37
Let q(v) = -67*v + 1263. Calculate q(18).
57
Let h(c) = 22*c - 1222. Give h(54).
-34
Let i(z) = -4*z**2 + 131*z - 888. Calculate i(23).
9
Let s(i) = 354*i - 1393. Calculate s(4).
23
Let k(b) = -8*b. Calculate k(0).
0
Let y(h) = -52*h + 213. Determine y(5).
-47
Let x(p) = 222*p + 47734. Determine x(-215).
4
Let o(g) = -357*g - 2241. Determine o(-6).
-99
Let y(c) = -12*c + 293. Determine y(21).
41
Let y(m) = 3*m**3 - 12*m**2 + 16*m - 4. What is y(3)?
17
Let l(p) = p - 118. Give l(19).
-99
Let a(u) = 298*u - 1189. Determine a(4).
3
Let p(q) = q**2 - 28*q + 189. Calculate p(16).
-3
Let x(g) = -2*g**2 - 250*g - 6186. Determine x(-34).
2
Let z(f) = -f**3 + 22*f**2 - 68*f - 15. Determine z(5).
70
Let d(h) = 348*h + 4174. Calculate d(-12).
-2
Let u(g) = 2*g**3 + 2*g**2 + 7*g + 7. What is u(0)?
7
Let t(s) = -s**2 + 11*s + 1. Determine t(7).
29
Let z(o) = -157*o + 2207. Calculate z(14).
9
Let d(r) = -r**3 - 31*r**2 - 59*r + 21. Give d(-29).
50
Let f(m) = -12*m + 139. Give f(-17).
343
Let y(x) = -2*x**3 - 9*x**2 + 23*x + 91. Give y(-5).
1
Let s(r) = 262*r + 2893. Calculate s(-11).
11
Let d(o) = -73*o - 32. Calculate d(-2).
114
Let j(q) = 6*q**2 - 575*q - 1718. Determine j(-3).
61
Let d(u) = 2*u**3 + 24*u**2 + 3*u + 38. Calculate d(-12).
2
Let a(u) = 35*u + 153. Calculate a(-15).
-372
Let r(a) = 7*a**2 - 14*a - 7. Give r(6).
161
Let p(s) = s**3 + 10*s**2 - 7*s - 9. What is p(-9)?
135
Let r(k) = -473*k + 6. Give r(0).
6
Let y(a) = -a**3 + 4*a**2 + 19*a + 82. What is y(-4)?
134
Let x(g) = g**3 - 17*g**2 + 35*g + 35. What is x(14)?
-63
Let w(n) = n**3 + 12*n**2 - 34*n + 116. Determine w(-15).
-49
Let l(u) = 32*u - 160. What is l(4)?
-32
Let g(z) = z + 11. What is g(28)?
39
Let r(x) = -2*x**2 + 30*x + 358. Calculate r(23).
-10
Let d(h) = -209*h + 10657. Calculate d(51).
-2
Let h(m) = 36*m - 527. Determine h(15).
13
Let p(b) = -149*b + 1553. What is p(20)?
-1427
Let t(h) = 202*h - 1040. Give t(5).
-30
Let u(p) = 648*p + 1913. What is u(-3)?
-31
Let r(n) = -116*n - 260. Calculate r(-2).
-28
Let b(a) = 2*a**2 + 11*a - 663. Determine b(0).
-663
Let t(k) = -40*k - 360. Calculate t(-36).
1080
Let a(k) = k**3 + 20*k**2 + 38*k + 10. What is a(-18)?
-26
Let l(k) = k**3 + 36*k**2 + 102*k + 5154. What is l(-37)?
11
Let j(q) = -q**3 + 14*q**2 + 24*q - 78. Determine j(-3).
3
Let n(i) = 577*i + 10380. Give n(-18).
-6
Let g(a) = -63*a**2 + 142*a + 122. Calculate g(3).
-19
Let t(w) = 8*w**2 - 14*w - 321. Calculate t(7).
-27
Let n(y) = y**3 - 25*y**2 + 70*y - 72. Give n(22).
16
Let p(q) = -2*q**2 + 489*q + 10026. Give p(-19).
13
Let h(v) = v**3 - 17*v**2 - 36*v - 44. Calculate h(19).
-6
Let c(y) = y**3 - 38*y**2 + 61*y + 395. Calculate c(36).
-1
Let u(i) = -144*i + 494. What is u(7)?
-514
Let z(g) = -57*g**2 - 12*g - 4. Give z(2).
-256
Let g(d) = -d**3 + 23*d**2 + 166*d - 73. Give g(29).
-305
Let t(p) = 9*p**2 - 146*p - 23. Calculate t(16).
-55
Let g(z) = -238*z**2 - 17*z - 12. Give g(-1).
-233
Let x(g) = -g**2 - 48*g - 41. Calculate x(-45).
94
Let z(y) = 2*y**3 + 11*y**2 - 19*y + 13. Calculate z(-7).
-1
Let z(n) = 88*n**3 + 2201*n**2 + 12*n - 331. Calculate z(-25).
-6
Let m(r) = r**3 + 25*r**2 + 127*r - 5. Determine m(-16).
267
Let h(f) = -64*f - 439. What is h(-7)?
9
Let y(t) = -30*t - 2211. What is y(-73)?
-21
Let j(y) = -y**3 - 18*y**2 + 19*y - 50. Calculate j(-19).
-50
Let m(u) = 168*u - 30. Determine m(-1).
-198
Let t(r) = r**2 - 87*r + 456. Calculate t(6).
-30
Let z(r) = 447*r + 7595. What is z(-17)?
-4
Let g(z) = 41*z**2 - 861*z - 6. Determine g(21).
-6
Let g(d) = -d**2 + 183*d - 1898. Calculate g(11).
-6
Let i(h) = 2*h**3 + 6*h**2 - 6*h. Give i(-5).
-70
Let g(j) = 371*j**2 - 12*j + 14. Give g(-1).
397
Let j(h) = -h**3 - 28*h**2 - 194*h + 25. Give j(-14).
-3
Let p(s) = 45*s**3 - 272*s**2 + 13*s - 20. Calculate p(6).
-14
Let m(u) = -2*u**3 - u**2 - 29*u + 16